emainder when 12666 is divided by 4172.
150
What is the remainder when 1804 is divided by 196?
40
What is the remainder when 78594 is divided by 262?
256
Calculate the remainder when 18472 is divided by 623.
405
What is the remainder when 48921 is divided by 24456?
9
Calculate the remainder when 3660012 is divided by 23.
22
Calculate the remainder when 18021 is divided by 24.
21
Calculate the remainder when 24735 is divided by 21.
18
What is the remainder when 439234 is divided by 377?
29
Calculate the remainder when 5885 is divided by 424.
373
What is the remainder when 394263 is divided by 104?
103
Calculate the remainder when 5997 is divided by 171.
12
Calculate the remainder when 37921 is divided by 213.
7
What is the remainder when 202241 is divided by 963?
11
What is the remainder when 26446 is divided by 1056?
46
What is the remainder when 473647 is divided by 17?
10
What is the remainder when 74904 is divided by 67?
65
Calculate the remainder when 6354 is divided by 528.
18
Calculate the remainder when 522708 is divided by 41.
40
Calculate the remainder when 5634803 is divided by 86.
83
What is the remainder when 4441 is divided by 1684?
1073
What is the remainder when 36997 is divided by 358?
123
Calculate the remainder when 99246 is divided by 1103.
1079
Calculate the remainder when 2627 is divided by 867.
26
Calculate the remainder when 21045 is divided by 5259.
9
Calculate the remainder when 5449 is divided by 385.
59
Calculate the remainder when 49281 is divided by 156.
141
What is the remainder when 205698 is divided by 374?
372
What is the remainder when 4623 is divided by 2115?
393
Calculate the remainder when 5395 is divided by 680.
635
What is the remainder when 1544 is divided by 1057?
487
Calculate the remainder when 4299 is divided by 246.
117
Calculate the remainder when 10409 is divided by 9701.
708
Calculate the remainder when 7412 is divided by 55.
42
Calculate the remainder when 1209 is divided by 39.
0
What is the remainder when 66510 is divided by 11082?
18
What is the remainder when 224187 is divided by 224185?
2
What is the remainder when 698 is divided by 35?
33
Calculate the remainder when 3445 is divided by 1540.
365
What is the remainder when 2447 is divided by 273?
263
What is the remainder when 703021 is divided by 380?
21
Calculate the remainder when 9404 is divided by 284.
32
Calculate the remainder when 5645 is divided by 817.
743
Calculate the remainder when 2765 is divided by 72.
29
What is the remainder when 299073 is divided by 13593?
27
What is the remainder when 154601 is divided by 21?
20
Calculate the remainder when 31707 is divided by 13.
0
Calculate the remainder when 16779 is divided by 442.
425
Calculate the remainder when 181908 is divided by 61.
6
What is the remainder when 64533 is divided by 49?
0
What is the remainder when 371150 is divided by 53019?
17
What is the remainder when 6100 is divided by 340?
320
Calculate the remainder when 7244 is divided by 1721.
360
Calculate the remainder when 61708 is divided by 116.
112
Calculate the remainder when 82703 is divided by 45.
38
Calculate the remainder when 2057 is divided by 2049.
8
What is the remainder when 9889 is divided by 3285?
34
What is the remainder when 4671 is divided by 70?
51
Calculate the remainder when 26678 is divided by 24.
14
What is the remainder when 100162 is divided by 88?
18
Calculate the remainder when 143990 is divided by 469.
7
What is the remainder when 69485 is divided by 11555?
155
What is the remainder when 392369 is divided by 266?
19
What is the remainder when 6635 is divided by 400?
235
What is the remainder when 1885 is divided by 172?
165
Calculate the remainder when 3344383 is divided by 23.
22
What is the remainder when 11386 is divided by 140?
46
Calculate the remainder when 5041 is divided by 149.
124
Calculate the remainder when 7998 is divided by 133.
18
Calculate the remainder when 1296945 is divided by 1819.
1817
Calculate the remainder when 5312 is divided by 253.
252
Calculate the remainder when 12899 is divided by 53.
20
Calculate the remainder when 66386 is divided by 30.
26
Calculate the remainder when 6447 is divided by 646.
633
Calculate the remainder when 1171 is divided by 231.
16
What is the remainder when 4456 is divided by 179?
160
Calculate the remainder when 73922 is divided by 18.
14
Calculate the remainder when 31498 is divided by 31492.
6
What is the remainder when 53521 is divided by 53517?
4
Calculate the remainder when 254689 is divided by 566.
555
Calculate the remainder when 504699 is divided by 99.
96
What is the remainder when 23453 is divided by 23438?
15
What is the remainder when 2454 is divided by 445?
229
Calculate the remainder when 162154 is divided by 12.
10
Calculate the remainder when 170226 is divided by 56727.
45
Calculate the remainder when 854 is divided by 231.
161
Calculate the remainder when 1637 is divided by 521.
74
Calculate the remainder when 139098 is divided by 325.
323
What is the remainder when 4097 is divided by 295?
262
What is the remainder when 5595 is divided by 466?
3
Calculate the remainder when 3023 is divided by 991.
50
What is the remainder when 324171 is divided by 28?
15
What is the remainder when 2264 is divided by 330?
284
What is the remainder when 826 is divided by 44?
34
What is the remainder when 6817 is divided by 229?
176
What is the remainder when 2413970 is divided by 332?
330
Calculate the remainder when 5755 is divided by 717.
19
What is the remainder when 45141 is divided by 121?
8
What is the remainder when 5585 is divided by 5527?
58
Calculate the remainder when 133433 is divided by 487.
482
Calculate the remainder when 76443 is divided by 62.
59
Calculate the remainder when 5230 is divided by 1675.
205
What is the remainder when 955 is divided by 40?
35
What is the remainder when 193818 is divided by 20?
18
What is the remainder when 203963 is divided by 2487?
29
What is the remainder when 297293 is divided by 27?
23
What is the remainder when 23969 is divided by 3411?
92
Calculate the remainder when 23696 is divided by 3384.
8
What is the remainder when 51620 is divided by 35?
30
Calculate the remainder when 157610 is divided by 321.
320
What is the remainder when 359054 is divided by 19?
11
Calculate the remainder when 4597 is divided by 5.
2
Calculate the remainder when 55061 is divided by 126.
125
Calculate the remainder when 516362 is divided by 61.
58
Calculate the remainder when 1130938 is divided by 366.
364
Calculate the remainder when 74903 is divided by 24.
23
What is the remainder when 9695 is divided by 18?
11
What is the remainder when 438 is divided by 140?
18
Calculate the remainder when 118297 is divided by 99.
91
What is the remainder when 5859 is divided by 1464?
3
Calculate the remainder when 406 is divided by 165.
76
Calculate the remainder when 220303 is divided by 55.
28
Calculate the remainder when 70351 is divided by 451.
446
What is the remainder when 2461 is divided by 1244?
1217
Calculate the remainder when 584697 is divided by 75.
72
Calculate the remainder when 645 is divided by 165.
150
What is the remainder when 54096 is divided by 3380?
16
What is the remainder when 187257 is divided by 691?
687
What is the remainder when 1963 is divided by 374?
93
What is the remainder when 49956 is divided by 427?
424
Calculate the remainder when 127476 is divided by 1007.
594
Calculate the remainder when 4511 is divided by 10.
1
Calculate the remainder when 81366 is divided by 403.
363
What is the remainder when 24017 is divided by 552?
281
What is the remainder when 28929 is divided by 284?
245
What is the remainder when 18337 is divided by 733?
12
What is the remainder when 775313 is divided by 1622?
1619
What is the remainder when 22477 is divided by 2722?
701
What is the remainder when 57738 is divided by 44?
10
What is the remainder when 8326 is divided by 95?
61
Calculate the remainder when 372646 is divided by 19.
18
Calculate the remainder when 192958 is divided by 24.
22
Calculate the remainder when 113275 is divided by 209.
206
What is the remainder when 25964 is divided by 4321?
38
Calculate the remainder when 1669 is divided by 184.
13
What is the remainder when 47442 is divided by 14?
1